 is the value of -315 + 316 - (3 + 4)?
-6
Calculate (-6 - (11 + -57 - -11)) + (-15 - -10).
24
What is the value of -30 + -20 + 103 + -21 + 8?
40
Evaluate -35 - (54 - 47 - 1).
-41
Evaluate 26 - (5 + 11 + -21 + 70).
-39
2 - 1 - (-675 + 703 - (17 + 0 + 1))
-9
What is 4 + -4 + 12 - (-22 + 24) - 15?
-5
What is the value of -1 - (-20 - -68 - -9 - (10 - 1))?
-49
(72 - 15) + (-18 - (-11 - (3 - (6 + -1))))
48
What is (-54 - -86) + -14 + -85?
-67
-15 - (-167 + 0 - (164 - 172) - (1 - 1))
144
61 + -59 + 2 - -5
9
Calculate (4 - (4 + -6)) + -21 + -71 + 12 + 10.
-64
-60 + 0 - (-15 + 12 - -3 - 0)
-60
49 - (65 - 35 - -48)
-29
Evaluate -3 + -51 + -10 + (-19 - -6 - -10).
-67
What is -88 + (82 - (61 + -45))?
-22
Calculate -72 + 55 + 73 + -67.
-11
What is the value of 45 + (4 - 18 - (145 - 148))?
34
What is (-71 - -4) + 4 - -42?
-21
What is -2 - ((12 - (-4 - (-66 - -9))) + 5)?
34
1 - ((31 - 61) + 54)
-23
Calculate (12 + -8 - (2 - 0) - 2) + -162 + 212.
50
Evaluate -7551 + 7531 + (3 - 1) + -1 + -98.
-117
What is -53 - (-26 + (2 - -11) + 5)?
-45
(-1022 - -888) + (60 - 7)
-81
What is -14 - (-1 - 2 - (-78 - (35 + -53)) - 7)?
-64
-39 - (-137 - -82) - (1 - (2 + 3) - 34)
54
Evaluate (-102 - -2) + (35 - -39 - 58) + 3.
-81
Evaluate -25 - (-70 - ((24 - 0) + 1)).
70
What is the value of -11 + -85 + -92 - -106?
-82
Evaluate 79 + 1 - (-300 + 281 + 2 + 25).
72
(-39 - -48) + (-2 - (2 - -5) - 1)
-1
What is (-14 - (15 - 9 - 6 - 22) - 10) + -97?
-99
What is 8151 + -8161 - (0 + -57 - 2)?
49
-676 + 684 + (-1 - (0 + (-1 - 1)))
9
What is the value of (0 - -3) + -8 + 46 + (16 - 21)?
36
What is -154 + 1482 + -1513 + (-1 - -38)?
-148
Calculate -3 + -39 + -1126 + 1115.
-53
What is the value of -47 + 20 + (-12 - (11 + -16))?
-34
-31 - -77 - (2 + -11 + (-43 - -51))
47
What is the value of -16 - ((20 - (-59 + 28)) + -14)?
-53
What is the value of -10 + (16 + -9 - (39 - 47))?
5
Evaluate (-7 - (-4 - (16 - 4))) + -25 + 24.
8
What is -115 + 75 + -13 + 26 + -86?
-113
-22 - (-12 + (-30 - -26) + 7)
-13
Evaluate (-67 - (84 + -72)) + -1 + -29.
-109
Calculate (-373 - -348) + -1 + 16 - -23 - -2.
15
Evaluate (7 - 42) + 6 - (-23 - (-45 + 18)).
-33
14 + (-24 - -21) - -26 - (17 - 0)
20
Evaluate -12 + 1 + (-253 - -269) + -5 + 5 + -74.
-69
Evaluate -2 + -18 + 12 + -3 + -14 + -2.
-27
Calculate (1 - -52) + -20 + (-17 + 31 - 11) + 9.
45
(-720 - -843) + -6 + (4 + 7 - -2)
130
What is -13 - ((0 - -12) + (-68 + -5 - -8))?
40
What is the value of (21 + 24 + -28 - 0 - 13) + 86?
90
(-102 - -79) + 27 + (-16 - ((0 - 1) + 4))
-15
Calculate -35 + 2 + 3055 + -3085.
-63
-7 + 2 - -2 - (28 + -38 - -13)
-6
Evaluate -71 + 109 + -61 + 8.
-15
Evaluate (-64 - (-1 + (-5 - -3))) + (0 - (21 + -28)).
-54
What is 12 + (-11 + 4 - ((-17 - 5) + 12))?
15
14 + 0 + -6 + (6 - (4 - (-10 - -16)))
16
9 + (24 - (26 - (-6 - -8)))
9
What is (17 - (-1 + -15 - (550 + -561))) + 7?
29
What is -2 + -36 + -68 + 83 + 5 + -8 + 0?
-26
Evaluate -3 + (35 - (-2 + 19)) + -1 + 5.
19
What is 6 - 3 - 46 - (-415 - -441)?
-69
Evaluate 31 + -74 + 9 + 27 + (0 - (90 - 1)).
-96
Calculate 3 - 35 - 2 - (2104 - 2122).
-16
What is the value of -147 + 5 - (-5 + (-3 + -36 - -19))?
-117
Evaluate 0 + -3 + 4 - (136 - 112).
-23
Evaluate (-17 - -37) + (-22 - -2) + 1 + 21.
22
What is 46 - (-20 + 266 - 104)?
-96
What is the value of -48 - ((52 - 20) + -88)?
8
Evaluate -11 + (3 - -7 - ((-4 + 7 - 1) + 6)).
-9
Evaluate (-39 - 0) + (1 - -19) + 179 + -213.
-53
-63 - -74 - (14 - 3)
0
Evaluate 3 + -1 + (43 - 85) - (-41 + 58).
-57
Calculate 29 - -27 - 41 - (-3 - 18).
36
Evaluate -8 + 4 - 64 - (-11 - (17 + -11 + -15)).
-66
What is -2 + 6 + 4 + (-11 - -9) + -9 + -22?
-25
2 + -3 - -7 - (-9111 + 9107)
10
Evaluate 36 + 20 - 23 - -4.
37
What is the value of (-21 + 2 - (-130 + 117)) + 1 + -58?
-63
-40 + 331 + -103 + -140
48
Evaluate 70 + (-16 + 64 - 105).
13
What is -179 + 240 + -9 + 55?
107
Calculate (-29 - (-43 - 7)) + 10 + -77 + -3.
-49
Calculate -7 - (1 + 4 + -113 + 120).
-19
Calculate -9 + 3 + (6 - 11) + 24 + -4 - -25.
34
(33 - (32 - (-13 - -47 - 17))) + 11
29
-75 - -57 - -46 - -75
103
What is the value of 51 + (-10 - (51 - 38)) - 1?
27
Calculate -4 + (130 - (46 + 23)).
57
(10 - 78) + 77 + (-1 - -7)
15
What is 1 + 52 - (-7947 - -8008)?
-8
What is 2 + -44 + 42 + 40?
40
Calculate 9 + (-90 - (-1 - -3) - (-348 - -339)).
-74
Calculate (127 - 130 - (-6 - -6)) + 30.
27
Calculate 3 + (-17 - -1) + 1 + 14 + -13 + 4.
-7
What is the value of (-2 + 10 - (-7 - -6)) + -27 - 12?
-30
What is the value of (56 - 93 - -55) + -3 + 36?
51
What is the value of -103 + (87 - 69) + 137?
52
Evaluate -128 + 3 - (-85 - 11).
-29
Evaluate 26 - (20 + -2 + 110 + -118 + -12).
28
Calculate (46 - (0 - -127)) + -1.
-82
Evaluate 38 - (-14 + -13 - -29) - 27.
9
What is -52 + (36 - (-2 + 16 - -8))?
-38
Evaluate -18 + 15 + (-1 + 11 - 3) - (-8 + -1).
13
Evaluate 13 + (1 - 86 - (-2 - -14)).
-84
-4 - (50 + -25 + -20)
-9
What is 4 + (11 - 6) + -2 + 32 + -31 + -60?
-52
Calculate -1 + -1 + -8 - (-106 + (-25 - -46) - -26).
49
Evaluate (-147 - (-98 + 52)) + 124.
23
What is the value of 12 - (46 - (12 + 29 + -17))?
-10
Evaluate (2 - 2) + 21 - (-30 + (28 - 0) - 3).
26
15 - 3 - (-4022 - -3964)
70
Evaluate -11 + 9 + -13 + -7 + 14.
-8
What is -17052 - -17208 - (-1 + -2 + 42)?
117
What is the value of (4 - 18 - (1 - 1)) + (36027 - 35961)?
52
What is the value of (70 - (8 - -82)) + -1 + -44?
-65
(155 - 205) + (61 - -12)
23
Evaluate 5 + -3 + -13 + 13 + 17.
19
Evaluate 53 - (-1 + 3) - (-3236 + 3246).
41
Evaluate 36 - (52 + -21 + 7).
-2
Evaluate -1 + (52 - 54) - (23 + (-5 - -10) - -4).
-35
Calculate -28 + 50 - (1 + 7) - (46 + -34).
2
Evaluate -88 - (94 - 186) - (-2 - (-2 - 42)).
-38
Calculate -4 + -16 - -4 - (-110 - -96).
-2
(-26 - -60 - 22) + -3
9
What is the value of -10 - (-3 + (3 - 2) - (-153 - -141))?
-20
What is the value of 210 - 102 - 85 - -53?
76
What is the value of (25 - (-12 + 47)) + 11 + (0 - -17)?
18
Calculate -1 + 31 - (17 - (9 + -19 + 22)).
25
Calculate -22 + -6 + 39 - -18 - 5.
24
Evaluate -1 + -8 + (21 + -12 + -22 - -24) - -3.
5
Calculate 9 + -19 + (8 - -4) + 10.
12
What is the value of -23 + (-43 - (-11 + -24))?
-31
Calculate (-38 - (7 + -1) - -3) + -24 + -36 + 62.
-39
(37 + -17 - -12) + -180 + 67
-81
528 + -460 - (-2 - -62)
8
Evaluate 21 - ((-27 - -31) + (10 - 17)).
24
What is the value of -4977 + 5067 + (-2 + 0 - (0 + (-5 - -3)))?
90
What is (3 - 1) + (31 - (-1 - -25 - (12 + -4)))?
17
Calculate -27 + (-8 - (-15 - -25)) - (8 - (6 + 0)).
-47
What is -1405 + 1390 + (1 - -36) - -19?
41
What is the value of -91 - 28 - (-15 + -54)?
-50
Calculate (-1 - -3 - 4) + (33 - 0) + 11405 + -11399.
37
What is 3 + 6 - (14 - (-12 + (18 - 35)))?
-34
Evaluate -30 + 50 - (44 - (30 - 61)).
-55
Evaluate 47 - (18 - 23 - 3).
55
What is (77 - -1) + -8 - ((-12 - -1) + -3 + 13)?
71
What is the value of -11 + -12 - (-19 - 20) - -8?
24
What is the value of -21 - -1 - (19 - (-14 - -8))?
-45
What is (36 - 37) + (-46 - (0 + 11 - 9))?
-49
Calculate (47 - -3) + -52 + 84.
82
What is the value of -159 - -218 - (22 + 4)?
33
Evaluate 4 + -3 + -1 + 10 - (123 + -9 + -36).
-68
50 - (14 + (-4 - -5) - 14 - -2)
47
What is -10 + (10 - -1 - (-6 + 11 + -16 + 17))?
-5
Calculate -38 - (-19 - (10 - (-8 - -29))).
-30
What is 5 + -4 + -48 + 4 - 13?
-56
What is the value of 16 + (3 - ((3 - (9 - -4)) + 20)) + 0?
9
What is (-605 + 589 - (-20 - 0)) + (-2 - -59 - 0)?
61
(2 - (-16 + 26 + -3 + -48)) + -5
38
What is the value of 25 + -19 + -4 + (-1 - (-20 + 9))?
12
-1314 - -1360 - ((0 - 3) + -4)
53
What is (-63 - -50) + -2 + 54 + (-11 - 4)?
24
Calculate ((13 - 3) + 6 - -4) + 18.
38
Evaluate 26 + -61 - (-27 + 28).
-36
Calculate (-41 - 36) + 88 - 83.
-72
54 + -144 + 47 - -95
52
Evaluate 11 - 1 - (12 + -46 - (25 - 49)).
20
50 + 0 + (0 - (-5 + 15 - 27))
67
What is (-18 - -40 - (68 - -6)) + 23?
-29
4 - 2 - -3 - -4 - ((61 - 71) + 23)
-4
Calculate 2 + 3 - (-9 + (-26 + 13 - -10)).
17
Evaluate 24629 - 24677 - (-9 + -2 + (0 - 1)).
-36
What is the value of (-2 - 2 - -17 - (-26 + 28)) + -46?
-35
Evaluate (1 - -68 - (-3 + -4 + 7)) + (1574 - 1579).
64
What is 73 + -42 + 7 + -17?
21
What is the value of -1 + -31 + (85 - (6 + 70) - (19 - 1))?
-41
Calculate -98 + 97 - (-81 - -10).
70
52 + 17 + -6 + (-2 - -4) + 0
65
(93 + -10 - 32) + (-1 - 6)
44
Evaluate 37 + (-101 + 20 - -39) - (-2 - (27 + -2)).
22
Evaluat